 -c, 4*m - 1 = 3*m. What is the units digit of 1/((c/(-55))/(402/(-10)))?
1
Let k = 45 - 51. Let o(a) = a**2 + 6*a + 14. What is the units digit of o(k)?
4
Suppose -3*k = -4*b - 5099, 32 + 5075 = 3*k - 2*b. What is the thousands digit of k?
1
Let q = 300 + -19. What is the hundreds digit of q?
2
Let f(r) = r - 1. Let w(z) = 15*z + 1. Let q(k) = -4*f(k) + w(k). Let j(d) = 2*d**3 - 5*d**2 - 2*d - 1. Let p be j(3). What is the units digit of q(p)?
7
Suppose 0*w + 2*g = w - 10, 0 = -2*w - g. Suppose w*l + 34 = -24. What is the units digit of ((1 - l) + 1)*1?
1
Let w(g) = -g**3 - 14*g**2 - 22*g - 27. What is the tens digit of w(-14)?
8
Let d(u) = u**2 + 13*u - 1. Let y be d(-10). Let g = y + 42. What is the tens digit of g?
1
Let d be (10 - -2) + -1 - -1. Suppose 23 + 34 = 19*j. Suppose 0 = 4*l - 2*g + j*g - 59, 3*g = -l + d. What is the units digit of l?
5
Let f(a) = -111*a - 16. What is the hundreds digit of f(-5)?
5
Let g(u) = u**3 - 3*u**2 + u + 7. Let y be g(8). Let v = y + -216. What is the hundreds digit of v?
1
Suppose 0 = 5*h - 0*h + 35. Let a(w) = w - 14. Let d be a(10). What is the units digit of 2*d/8 - h?
6
Suppose 0 = -2*r - 0*r + 6. Suppose 0*b = -r*b - 18. What is the tens digit of b/(-14) + (-193)/(-7)?
2
Suppose -2*b - 3*f = -16, 8*f + 30 = 2*b + 4*f. Suppose -u - 7 = -b. Suppose t - p - 19 = 0, u*t = -p - 0*p + 61. What is the units digit of t?
6
What is the units digit of -18*(400/12 + 3)*-1?
4
Suppose -4*y = 4*p - 16, y = 3*y + 4*p - 6. Suppose -y*q + 244 + 1007 = 3*o, 9 = -3*o. What is the tens digit of q?
5
Suppose -159*m - 3210 = -160*m. What is the thousands digit of m?
3
Let a = -83 - 25. Let n = a + 156. What is the units digit of n?
8
What is the tens digit of (2565/18)/(1/2)?
8
Let k be 26/(-2) + (-1 - -2). Let n be k/(-7) + (-30)/(-105). Suppose 4*c - 44 = n*c. What is the units digit of c?
2
Let j(x) = x + 9. Let q be 2 + (-15)/(2 + -5). Let n be j(q). Let h = 5 + n. What is the tens digit of h?
2
Suppose -5*u = r - 0*r - 709, -2*u + 290 = 2*r. What is the tens digit of u?
4
What is the tens digit of -19 - -826 - (4 + -2 + 0)?
0
Suppose -2*j + 8640 = -27*v + 32*v, 12951 = 3*j + 3*v. What is the thousands digit of j?
4
Suppose -3*t = 4*l - 1957, 2*l = 3*t - 6*t + 983. What is the tens digit of l?
8
Let c(m) = -11*m - 1. Suppose 0 = 5*r - 11 - 14. Suppose 13 = r*i + 28. What is the tens digit of c(i)?
3
Suppose 5*a - 30 = -5*a. Let d(p) = 4*p + 6. What is the tens digit of d(a)?
1
Let y = -18 - -191. What is the tens digit of y + (2/(-5))/((-11)/(-55))?
7
Suppose m + 3*m - 3496 = 0. Suppose 3*f = -f + 4*c + 712, -m = -5*f + c. What is the tens digit of f?
7
Let a(l) = l**3 + 26*l**2 - 25*l - 106. What is the thousands digit of a(-23)?
2
Suppose a + 15 = 6*a. Suppose a*f = -b - 42 + 664, 3*b - 3 = 0. What is the units digit of f?
7
Let t = 54 - 46. Suppose -2*o + t*o = 444. What is the units digit of o?
4
What is the units digit of (-15104)/(-176) - (-4)/22?
6
Suppose 4*x + i = 1313, -4*i = x + 130 - 477. What is the units digit of x?
7
Suppose -5*d + 0*d + 307 = 3*r, 4*d = -3*r + 248. Let n = -29 - 0. Let x = n + d. What is the tens digit of x?
3
Let w = 29 + -52. Let g = -5 - w. What is the tens digit of g?
1
Suppose 32 = -2*h - 4*u, -3*u + 4*u = -2*h - 29. Let y be (-4)/16 + h/8. What is the tens digit of (8/(-32))/(y/344)?
4
Suppose -3*b + 8*b - 5 = 0, -2*d - 4 = -2*b. What is the hundreds digit of -2 + 5 + (172 - d)?
1
Let w(v) = 92 - 4*v - 58 - v. What is the hundreds digit of w(-23)?
1
Let m(k) = -10*k - 12. Let w = 17 + -23. What is the tens digit of m(w)?
4
Let i(d) = d**2 + 16*d + 27. Let j be i(-14). What is the units digit of 183 - 9/(j - 2)?
6
Let k be 1*-2*(-3)/2. Let x be 18/k*68/12. Suppose -2*y = -0*y - x. What is the tens digit of y?
1
Let u be 1*(-3)/(9/6). Let g be (1/u)/((-1)/4). Suppose g*f - 7*f = -70. What is the tens digit of f?
1
Let v = 5 + 2092. What is the hundreds digit of v?
0
Suppose 0 = -2*m + 5*d + 167, -2*m + 3*d + 4 = -161. Suppose -q - m = p - 2*p, 4*p + 3*q - 338 = 0. What is the tens digit of p?
8
Let w = 495 - 308. Let q = w + 34. What is the units digit of q?
1
Let u = -69 - -67. Let w(g) = 2*g**2 + g + 4. Let a(m) = -5*m**2 - 2*m - 11. Let r(c) = 4*a(c) + 11*w(c). What is the units digit of r(u)?
2
Suppose 5*q + 2*n + 272 = 0, -4*q - 3*n - 228 = -4*n. Let i = q + 136. What is the tens digit of i?
8
Let y = 66 + 683. What is the tens digit of y?
4
Let m(p) be the second derivative of p**3/2 + 29*p**2/2 - 26*p. What is the tens digit of m(17)?
8
Let h be (1/2)/(17/680). Let r be (0 - 3)*h/(-15). Suppose -5*t - 5*a + 286 = -a, -r = -a. What is the units digit of t?
4
Let u(i) = i**3 + 10 - 2*i - 3*i**2 + 4*i**2 + 6*i**2 - 5*i. Suppose 0 = -g + 6*g + 40. What is the units digit of u(g)?
2
Suppose 17*w - 119*w = -117402. What is the units digit of w?
1
Suppose -z = -0*z. Suppose -3*h = 4*b - 167, -4*h + z*b + 202 = -5*b. What is the tens digit of h?
5
Suppose 4*h - 15 = -31. Let p = -3 + 13. What is the tens digit of h/p - 1863/(-45)?
4
Let a(t) = -t**3 - 27*t**2 + 10*t + 39. What is the tens digit of a(-28)?
4
Suppose -3*d = -2*y + 789, -3*y - 2*d - 3*d + 1136 = 0. What is the hundreds digit of y?
3
Let f(l) = -2*l + 8. Suppose -3*m - 3 = k + 14, -4*k + 4 = 0. What is the tens digit of f(m)?
2
Let f be (-4 - -14) + 3/(1 + -4). Suppose 13*c - f*c + 940 = 5*z, z = 4*c + 172. What is the hundreds digit of z?
1
Let o = -95 + 209. Let l = o - 56. What is the tens digit of l?
5
Let h = -2 - 5. Let l = h + 12. Suppose p + 27 = l*i - 113, 4*i = -4*p + 136. What is the tens digit of i?
2
Suppose -3*w = 4*z - 1350, 3*z - 47 = -2*w + 853. What is the units digit of w?
0
Let l(v) = v - 7. Let d be l(13). Let x = d + -6. What is the tens digit of 26 + (-2 - -3) + x?
2
Let d(c) = -6*c**3 + 4*c**2 + 9*c - 1. Let f(h) = 9*h**3 - 6*h**2 - 14*h + 1. Let g(b) = 8*d(b) + 5*f(b). What is the units digit of g(-3)?
0
Let z = -770 + 1515. What is the tens digit of z?
4
Suppose -5*f + 0*f = 4*u - 521, 0 = 4*f - 2*u - 396. What is the tens digit of ((-1)/1 - -324) + (104 - f)?
2
Suppose 36*s - 8191 = 2897. What is the hundreds digit of s?
3
Let n(p) = 12*p**2 + 10*p - 12. What is the hundreds digit of n(4)?
2
Suppose 0*y - 4*y = -5*k + 772, -3*k - 606 = 3*y. Let a = -93 - y. What is the units digit of a?
5
Suppose -4*r = 7 + 5. Let q(w) = w**3 + 6*w**2 + w + 1. Let s be q(-5). Let p = r + s. What is the tens digit of p?
1
Suppose 21 = 6*g - 3*g + 4*o, 0 = -2*g - o + 9. Let k(f) = -3*f + 5*f + 2 + 2 - g + 6*f**2. What is the units digit of k(-1)?
5
Let m(k) = 52*k - 4. What is the hundreds digit of m(6)?
3
Suppose 60*n - 54*n = 24. Suppose 5*v - 1 = 19. What is the tens digit of -33*(v/(-3))/n?
1
Let z(g) = -6*g**2 + 5*g - 16. Let x(r) = 13*r**2 - 9*r + 33. Let d(s) = -2*x(s) - 5*z(s). What is the tens digit of d(6)?
1
What is the thousands digit of 3*-1 + -3 + -5 + 2042?
2
Let i = 1011 + -486. Let j = i + -282. What is the units digit of j?
3
Let s(a) = a**2 - 17*a + 30. Let z be s(15). Let x = 55 - z. What is the units digit of x?
5
Let w(n) = -n**3 + 39*n**2 - 26*n - 275. What is the tens digit of w(31)?
0
Suppose 3*d + i + 4 = -0, 3*d = 2*i - 19. Let b be (1/d)/(2/6). What is the units digit of 24 - 2*(-1)/b?
2
Let t be (-2)/5 - (-184)/(-40). Let w = 3 + t. What is the tens digit of ((-13)/w)/(1/2)?
1
Suppose 4*f + 5*o - 252 = -67, f = -o + 46. Suppose 0 = 5*x - 2*x + f. What is the units digit of 0 + -1 - (x + -28)?
2
Suppose c - 115 = -3*f, c = -3*c - f + 449. Suppose b - 208 = 4*r, -260 = 9*r - 4*r + 3*b. Let p = c + r. What is the units digit of p?
0
What is the tens digit of (-3 - (-13 - -11))/(2/(-2974))?
8
Suppose 0 = -3*d - b + 994, 2*d + 0*d - 648 = 3*b. What is the tens digit of d?
3
Suppose -4*d = -468 - 32. Suppose -2*b - d = -7*b. What is the units digit of b?
5
Let q = -180 + 59. Let d = q - -151. What is the tens digit of d?
3
Let c(b) = 3*b + 161. What is the units digit of c(-13)?
2
Let j be ((-196)/5)/(17/(-170)). Suppose -2*h + j = 5*h. What is the units digit of h?
6
Let p(k) = -62*k**3 + 2*k**2 + 15. What is the units digit of p(-3)?
7
Let t(q) = q + 9. Let r be t(-4). Let o be r/(5/4) - 0. What is the units digit of (-2)/o*(-8 - 98)?
3
Suppose -3*c = -6*c + 33. Let b = -34 + 86. 